 1*(-2 + a + 7)?
3
Let f = 37 - 11. Let l = -1 + -2. Let w = f + l. List the prime factors of w.
23
Let v = -8 + 20. Suppose -6*f = -8*f. Suppose -17*d + v*d + 80 = f. List the prime factors of d.
2
Let g(o) = -o**3 + o**2 - o + 1. Let i(b) = 61*b**3 + 4*b**2 - 3*b + 2. Let l(f) = -2*g(f) + i(f). List the prime factors of l(1).
2
Let o(h) = 323*h**3 + 2*h**2 - 1. Let k be o(1). Suppose 5*m = -m + k. What are the prime factors of m?
2, 3
Let s(f) = -f**2 - f + 1. Suppose k + 3*k + 4 = 0. Let j(x) = -2*x**2 + 5*x. Let c(a) = k*j(a) - 2*s(a). List the prime factors of c(-2).
2, 5
Let j(f) = 2*f**3 + 2*f**2 - f. Let a(m) = -22 + 2*m**2 + 23 + m - m**2. Let b(q) = -2*a(q) - j(q). What are the prime factors of b(-3)?
19
Suppose 5*l + 2*i = 1368, 38*i = 3*l + 37*i - 823. List the prime factors of l.
2, 137
Let j(w) = 153*w + 460. List the prime factors of j(39).
6427
Suppose b + 22 = 5*m, 0 = -2*b - 3 + 9. Suppose -m*a + 4*a + 47 = 0. What are the prime factors of a?
47
List the prime factors of ((-492)/18)/(8/(-1044)).
3, 29, 41
Let i(l) = 0*l - 8*l + 0*l - 13*l - 22. What are the prime factors of i(-4)?
2, 31
Suppose 0 = 3*b - 2433 - 831. Let x = 2075 - b. What are the prime factors of (x/(-6))/(-7)*2?
47
Let g(r) = -r**3 - 8*r**2 - 5*r + 7. Let p be g(-7). Let m be (p/(7/(-62)))/2. Suppose d - m - 9 = -x, 3*x = -15. What are the prime factors of d?
3, 5
Suppose 25*k + 40 = 30*k. Suppose -k*c - 65 = -449. What are the prime factors of c?
2, 3
Suppose 3*c + l - 3015 - 2203 = 0, 5210 = 3*c + 5*l. What are the prime factors of c?
2, 3, 5, 29
Let u(i) = -i**3 - 5*i**2 + 9*i - 10. Let o be u(-7). Suppose 0*t - o = 5*t, 5*f - 165 = -3*t. What are the prime factors of f?
2, 3
Let y = 36 + 50. What are the prime factors of y?
2, 43
Suppose 2*s - 39 = 193. Let n = s - 97. List the prime factors of n.
19
Suppose 2*b + m = 6*b - 32, -16 = -4*b - 3*m. Suppose 30 = 8*w - b*w. What are the prime factors of w?
2, 3, 5
Let c(i) = -i**3 + 7*i**2 + 10*i + 9. Let t be c(8). What are the prime factors of 75*(-1)/(t/(-15))?
3, 5
Suppose 0 = 44*b - 42*b - 344. List the prime factors of b.
2, 43
Let o be ((-15)/(-12))/(3/996). Suppose -b - o = -5*t, 3*t + 5*b = 2*b + 231. Let r = t + -47. What are the prime factors of r?
5, 7
Let p(t) = -5*t**2 + 3*t**2 + 2*t**2 + 16 - t**2 - 10*t. Let s be p(-11). Suppose -s*q + 15 = 5. List the prime factors of q.
2
Let m = 3284 + -1911. List the prime factors of m.
1373
Suppose 10 = -2*t + 3*c, 3*t - 2 = -2*c - 4. Let m(h) be the third derivative of -5*h**4/24 + h**3/6 + 4*h**2. What are the prime factors of m(t)?
11
Let y(k) = -16*k - 24. Let s be y(6). Let f = -62 - s. What are the prime factors of f?
2, 29
Let c(w) = -w**3 - w**2 - 7. Let t(y) = -y**3 + y**2 - 3. Let l be t(0). Let j be c(l). Let k(v) = v**2 - 10*v + 13. List the prime factors of k(j).
2, 3
Let p = 188 + -68. What are the prime factors of p + -1 + 3 - 3?
7, 17
Let x(i) = i**2 - 20*i + 2. Let g be x(20). What are the prime factors of g/9 + 37628/207?
2, 7, 13
Let h(x) = 5*x**3 - 2*x**2 - x. Let w be h(-1). Let n = 12 - 13. What are the prime factors of (n + -1)/(w/48)?
2
Let y = -99 + 102. Suppose -5*w - 2*f + 734 = -6*f, -y*w + 4*f = -442. What are the prime factors of w?
2, 73
Let v(f) be the first derivative of f**4/4 - 3*f**3 + 9*f**2/2 + 4*f - 43. List the prime factors of v(9).
5, 17
Let y be (-4)/10 + 81/15. Suppose 4*h - 2*s - 190 = 0, -y*h + 220 = -s + 2*s. Suppose 0*k - 3*k + h = 0. What are the prime factors of k?
3, 5
Let x be ((-25)/5)/(3/(-456) + 0). What are the prime factors of x/5*2 - -1?
5, 61
Suppose 0 = -18*t + 6102 + 4392. What are the prime factors of t?
11, 53
Let h be (6 + -2)*(-12)/(-16). Let w(o) = -4*o**2 - 2 + o**3 + 2*o + 1 - o**3 + 2*o**3. What are the prime factors of w(h)?
23
Let c(w) = w**3 + 14*w**2 - 11*w - 23. What are the prime factors of c(-14)?
131
Let g(l) = 289*l**2 + 1. Let t be g(1). Let h = -161 + t. List the prime factors of h.
3, 43
Let i = -3110 + 5203. What are the prime factors of i?
7, 13, 23
Let k(w) = w**3 + 7*w**2 + 5*w + 1. Let d be k(-6). Suppose 47 = d*f - 58. List the prime factors of f.
3, 5
Let l = -32 - -63. Suppose -4*d + 3*d + 3 = 0. Suppose r + o - l = -2*o, -r + d*o = -13. What are the prime factors of r?
2, 11
Let w = -84 + 88. Suppose w*t - 200 = -0*t. List the prime factors of t.
2, 5
Suppose 0 = -0*a - 4*a + 8. Suppose -2*k - a = -8. Suppose -99 = -5*p - 2*i, 0 = -5*i - k - 12. What are the prime factors of p?
3, 7
Let c = -3 - -21. Suppose -2*i + 46 = -c. List the prime factors of i.
2
Let p(b) = b**2 + 5*b - 11. Let a be p(-8). Let v(j) = j - 7. What are the prime factors of v(a)?
2, 3
Let g be 28/(-70) + 8/(-5). List the prime factors of ((-328)/(-20))/(1/(7 + g)).
2, 41
Suppose 0 = 2*p - j + 1, 0*p = -2*p + 5*j - 21. Let u = 25 - 6. Let x = u + p. What are the prime factors of x?
3, 7
Suppose -2*a = -d - 49, -5*d = -3*a - 10*d + 54. Suppose -a - 16 = -p. List the prime factors of p.
3, 13
Let u be 3*8 + 1 + -2. Suppose -2*t = -3*r - 17, -5 = 3*t - 2*r - u. Suppose 0 = 3*o - 23 - t. List the prime factors of o.
3
What are the prime factors of (-16)/88 + 87312/88?
2, 31
Let u = -31 - -23. Let l be 20/6 + u/(-12). Suppose l*z + 13 - 65 = 0. List the prime factors of z.
13
Suppose 0*u = 3*r - 3*u, -2*u = 2*r - 8. Let z(k) = -k**2 - 3*k + 3. Let j be z(r). List the prime factors of (j/(-3))/(1/12).
2, 7
Suppose 2*w + 151 = 457. Suppose -4*z + 3*u + 486 = w, -z + 4*u + 80 = 0. What are the prime factors of z?
2, 3, 7
Let a be 1 + 1 - (7 - 7). Suppose 20 = -r - 3*r - 3*w, r + a*w + 10 = 0. List the prime factors of (-10)/r - 0/2.
5
Suppose 0 = 4*v + 10 + 6. Let l(o) = -o**2 - 6*o - 6. Let s be l(v). Suppose 2*y - 2*h = 74, -s*y + 51 = 4*h - 23. List the prime factors of y.
37
Let g = 0 - -3. Suppose -y - 4*z = g*y, 4*y - 3*z + 14 = 0. List the prime factors of (1 + 1 - y) + 36.
2, 5
Let i be 2*(-1 + -3)/2. List the prime factors of 4*50/i*(-3 - -2).
2, 5
Suppose -3*h - 2*g + 8134 = 0, -23*g + 20*g + 2709 = h. What are the prime factors of h?
2, 3, 113
Suppose 2*c - 655 = -5*h, h - c = 4*h - 392. What are the prime factors of h?
3, 43
Suppose 27*z + 963 = 36*z. What are the prime factors of z?
107
Let y = -35 + 23. Suppose 78 - 22 = 4*v. Let i = v + y. What are the prime factors of i?
2
Let x = 14 - -62. Suppose -3*o + 47 = -x. What are the prime factors of o?
41
List the prime factors of 6 + 11/(22/12) + 708.
2, 3, 5
Let o(j) = j**3 + 3*j**2. Let l be o(-3). Suppose l = -6*x + 2*x. Suppose -4 = 2*r, 3*k - k - r - 90 = x. List the prime factors of k.
2, 11
Let h be 1/((-4)/1187) + (-6)/24. Let v = -169 - h. What are the prime factors of v?
2
Let s = -35 + 37. Suppose s*u + 305 = 7*u. List the prime factors of u.
61
Suppose -k + 3 + 0 = 0. Suppose -2*l = d + 3*d + 12, 0 = k*d + 12. Suppose 4*a = -y + l, -7*a + 3*a = 4*y - 44. List the prime factors of y.
2, 7
Let y(h) = h**3 + 4*h**2 - 2*h - 5. Let z be y(-4). Let g(i) = z + 2 + 4*i - 4*i + 4*i. What are the prime factors of g(2)?
13
Let n(z) = 230*z - 408. What are the prime factors of n(12)?
2, 3, 7
Let i(n) = n**2 - 18. Let g be ((-8)/6)/((-12)/(-72)). What are the prime factors of i(g)?
2, 23
What are the prime factors of (39 + -1)/(250/4875)?
3, 13, 19
What are the prime factors of 2/(-10) + 2/(20/3182)?
2, 3, 53
Let l(u) be the first derivative of 0*u**2 + 2*u + 3 + 5/3*u**3. List the prime factors of l(-3).
47
Suppose -2*s = -4*y + 4374, 4*s + 280 = y - 817. What are the prime factors of y?
1093
Suppose -6*j - 4*t = -2*j - 12, 0 = 2*j + 4*t - 6. Let d be 3 - j - 5*-2. List the prime factors of (64/d)/(4/20).
2
Suppose 5 = -y + 3*q, -2*q = -2*y + 3*q - 6. Let p be y + (-3)/12*0. Suppose -55 = -2*d + p. What are the prime factors of d?
31
Let x be -1 + 1 + 56/4 + 1. Suppose 4*m - x = 113. List the prime factors of m.
2
Suppose 6*q = -2*s + 4*q + 32, -4*s - q = -76. List the prime factors of (s/(-10))/(4/(-90) - 0).
3, 5
List the prime factors of 5 + 9*258/2.
2, 11, 53
Let d(i) = -i**3 - 31*i**2 - 66*i - 51. What are the prime factors of d(-31)?
3, 5, 7, 19
Let d(r) = r**2 - 4*r + 13. Let g be d(3). List the prime factors of g/8*((-393)/(-3) + 1).
3, 5, 11
Let p be ((-40)/15)/(6/9). Let r be 6/(-15)*(p + -6). List the prime factors of (64/(-3) +